 x(p) = -2*p**2 + 38*p + 4. Suppose 3216*m - 3220*m + 80 = 2*k, 0 = 2*k. Calculate x(m).
-36
Let n(q) = q + 77. Let d(x) = 4*x + 260. Let g(y) = -2*d(y) + 7*n(y). Suppose b - l - 11 = 0, 4*l + l = 2*b - 19. Determine g(b).
7
Let p(r) = 49*r**2 + 73 - 61*r**2 + 4*r + 11*r**2 - 19*r. Calculate p(5).
-27
Let v(t) be the second derivative of -t**5/20 + 5*t**4/12 + 5*t**3/6 + 15*t**2/2 + 5658*t. Calculate v(6).
9
Let p(u) be the second derivative of u**4/12 - 7*u**3 + 267*u**2/2 - 9448*u. Give p(34).
-5
Let j(m) be the first derivative of -2*m**3/3 + 7*m**2/2 + 6*m - 1. Let w be -26 - (7 + -2 + -37). Determine j(w).
-24
Let w(m) = 4 + 59*m - 123*m + 67*m + 4 + 0. Suppose -2*g = 4*h - 30, -g + 5*h - 15 = g. Let i be (14/g)/((-12)/30). What is w(i)?
-13
Let q(u) = 8*u**2 + 3. Suppose -3 = -2*i + 2*y + 9, -3*i + 21 = -4*y. Let j(t) = 5*t**2 + 2. Let n(m) = i*q(m) - 5*j(m). Determine n(-1).
-2
Let r(n) = 7 - 23 - 12 + 19*n - 12*n + 17*n. Determine r(3).
44
Let f(m) be the second derivative of -m**5/20 + 5*m**4/6 - 4*m**3/3 - 4*m**2 + m. Suppose -798 = 751*c - 757*c. Let x = -124 + c. Calculate f(x).
1
Let u(k) = k - 15. Suppose y - 8 + 8 = 0. Suppose y = 3*o + o + 92. Let c = 23 + o. Calculate u(c).
-15
Suppose -9*y + 86 = -4. Suppose 29*q = y - 126. Let a(g) = g**2 + 6*g - 1. Calculate a(q).
-9
Let n(w) = -3*w**3 + 15*w**2 - 20*w. Let x(t) = -t**3 + 5*t**2 - 7*t. Let a be 1*2/(-6)*-33. Let s(i) = a*x(i) - 4*n(i). Determine s(4).
-4
Let q(x) = x**3 - 12*x**2 - x + 12. Let p be (-12)/(-54) + 1312/9. Let v = 158 - p. What is q(v)?
0
Let c(n) = 2*n**2 - 37*n + 22. Let a(w) = -w**2 + 12*w - 4. Let i(u) = 3*a(u) + c(u). Suppose 5*m = -36 + 1. What is i(m)?
-32
Let r = -2162 + 2138. Let i(f) = -2*f**2 - 46*f + 52. Calculate i(r).
4
Let w be (-18 + 2964)*1/3*1. Let h = w - 974. Let c(u) = -u**3 + 10*u**2 - 17*u + 1. Calculate c(h).
-7
Let g(x) = 417 + 2*x - 8*x**2 + 2*x + 3*x - 406. Give g(4).
-89
Let d(v) = -4*v + 5*v - 11 - 9 + v + v. Give d(7).
1
Let k(s) = s**3 - 32*s**2 - 143*s - 35. Suppose 994 - 130 = 22*n + 2*n. What is k(n)?
1
Let g(v) = 2*v**2 + 28*v + 14. Suppose 10*u = 6*m + 6*u + 82, 4*u = -2*m - 22. Give g(m).
-12
Let z(k) = k**2 + 7*k + 3. Suppose 90 = -40*y + 5*y - 85. Determine z(y).
-7
Let u(j) = -j + 5. Suppose -51*d + 41*d = 20160. Let a be 2/13 - d/416. Give u(a).
0
Let b(g) = g**2 + 9*g - 16. Suppose 44 = 5*f + 4*v, -2*v + 395 = -5*f + 433. What is b(f)?
120
Let s(d) = 43*d + 174. Let q be s(-4). Let u(n) = 68 - 139 + 66 - n + n + q*n. Give u(-5).
-15
Let h(d) = -d**2 + 2*d - 1. Let x(s) = -2*s**3 - 2*s**2 - 10*s + 3. Suppose -37*u - 60 = 51. Let b(j) = u*h(j) - x(j). What is b(-3)?
-21
Let w(q) be the first derivative of -97 - 4*q + 2*q**2 - 3*q**2 + 2*q**2 + 17. Let z be 4/4 + 2*1. Calculate w(z).
2
Let y be ((10/(-4))/(-5))/((-102)/2448). Let m(x) = x**2 + 12*x - 1. Calculate m(y).
-1
Let y(q) be the first derivative of q**4/12 - 3*q**3/2 + 4*q**2 - 71*q + 116. Let v(n) be the first derivative of y(n). Give v(7).
-6
Let g(i) be the third derivative of 0*i + 0 + 1/6*i**3 + 1/120*i**6 - 3/20*i**5 - 5/12*i**4 - 42*i**2. Determine g(10).
1
Let y(b) = 1 - 17*b**3 + b + 60*b**3 - 3*b**3 - 20*b**3 - 19*b**3. Suppose 0 = 2*l + 2*l. Give y(l).
1
Let x(a) = 5*a + 50. Let z(v) = -1. Let h(b) = b + 12. Let w(k) = -h(k) + z(k). Let f(r) = 9*w(r) + 2*x(r). What is f(12)?
-5
Let h(g) = 1 - 6 + 8 - 11 - g + 7. Suppose -u - 7*l - 1 = -3*l, 2*u = -4*l + 2. Suppose -9 = -u*y - 0*y. Calculate h(y).
-4
Let d be (-120)/66 + 4/(-22). Let p(z) be the third derivative of z**6/60 + z**5/20 + z**4/24 + z**3/3 - 81*z**2. Give p(d).
-4
Let n(b) = -b**3 - 5*b**2 - 6*b - 6. Let s be n(-4). Let y(c) = -2*c + s*c + 2*c + 2. Let t be (7/35)/((-1)/(-35)) - (2 + -1). Give y(t).
14
Let g(w) = w**3 - 4*w**2 + 7. Let d be (14 + -13 - 2) + 5 + -1. Give g(d).
-2
Let n(z) = z**2 + 6*z + 4. Let p = -807 + 802. What is n(p)?
-1
Let t(h) = -h**2 + 17*h - 18. Let i(g) = -g**2 - 22*g + 148. Let b be i(-27). What is t(b)?
34
Suppose -7*l - 7*l - 84 = 0. Let o(x) = -3 - x + 1 + 3 + 0. Let c(g) = -g**2 - 11*g - 4. Let w(z) = -c(z) + 4*o(z). Determine w(l).
2
Let k(u) = -74 - 76 + 28*u - 81 + 216. Calculate k(4).
97
Suppose 3342 = -2*c + 3354. Let l(x) = 7*x - 45. Give l(c).
-3
Let s be (6/(-4) - -1)/((-6)/204). Suppose s - 57 = -4*m. Let j(n) = 5 - m + 6 - n + 3*n. What is j(5)?
11
Let p(z) = -z - 10. Let x(s) = -1. Let a be (-4)/2*(4 + -6). Suppose -32 = -a*r - 4*r. Let v(g) = r*x(g) - p(g). What is v(-5)?
1
Let y = -50 + 110. Let s be (-1)/(3 - 176/y). Let x be (-20)/s*3/(-2). Let p(m) = -3*m + 2. Give p(x).
8
Suppose 2*w + 18 = 4*t - 2, -4*t - w + 8 = 0. Let i(o) = -16*o + 11*o - t + 6*o. Give i(7).
4
Let t(q) be the third derivative of -46*q**2 + 1/12*q**4 + 1/3*q**3 + 0 + 0*q - 1/30*q**5 - 1/120*q**6. Determine t(-2).
-2
Let a(s) = s**3 - 3*s**2 - 16*s - 1. Let k be (4 - 1*(4 + -9))/((-3)/(-2)). Determine a(k).
11
Let k(h) = -h**2 - 16. Let d be -24*(7/(-3) - -1). Let y(l) = d - 3*l + 14 + 18 - 16. Let u be y(16). Give k(u).
-16
Let a(x) = -63*x + 1647*x**3 - 825*x**3 + 33*x**2 - 823*x**3 + 25. Determine a(31).
-6
Let t(b) = b**2 - 6*b + 2. Let d be t(4). Let f(q) be the second derivative of q**5/20 + q**4/2 + q**3/3 - q**2/2 + 104055*q. What is f(d)?
-13
Suppose 10*u - 16*u - 5 = 7. Let v(l) = 14*l + 4. Determine v(u).
-24
Let q(f) = -52*f + 23 - 43*f + 94*f + 1. Let g = -14 - -12. Let x(i) = -i - 2. Let o be x(g). Calculate q(o).
24
Suppose 0*h + 4 = 3*m + 4*h, 5*m - 5*h = 30. Let s(u) = 3*u - 8*u + m*u + 2*u + 17. Calculate s(-9).
8
Let u(p) be the third derivative of p**4/12 - 25*p**3/6 - 33*p**2 - 2. Calculate u(15).
5
Let n(q) = -5*q**3 - 8*q**2 + 4*q + 2. Let f(x) = -x**3 - x**2 - x. Let z(h) = -4*f(h) + n(h). Suppose -2235 = 488*k + 693. Give z(k).
26
Let m(f) = 3*f**2 - 58*f - 98. Let h be m(21). Let n(a) = 0 + 7*a - 2 - a**2 - 3 + 0*a**2. Determine n(h).
-5
Let g(c) = 2*c**2 + 33*c - 50. Let k(t) = 12*t - 306. Let y be k(24). Determine g(y).
4
Suppose 5*w - 905 = 3*z, 0*w - 901 = 3*z - w. Let d = -290 - z. Let c(l) = l**3 - 11*l**2 + 12*l - 12. What is c(d)?
8
Let u(q) be the first derivative of q**4/4 + 7*q**3/3 + 4*q**2 + 6*q - 3661. What is u(-5)?
16
Let j(s) be the second derivative of s**4/8 - 4*s**3/3 - 21*s**2/2 - 129*s. Let w(i) be the first derivative of j(i). Give w(8).
16
Suppose 4*x - 131 = -23. Let d be (-5 + x/6)/((-1)/(-2)). Let s(b) = 5*b**3 - 2*b - 1. Calculate s(d).
-4
Let h(p) = 17*p - 29. Let j(o) = -54*o + 92. Let a(d) = 19*h(d) + 6*j(d). Let b = -1 - 2. Calculate a(b).
4
Let k(y) = 2*y - 1. Let n(g) = -g**2 - 10*g - 2. Let d(q) = q**2 + 11*q + 1. Let a(l) = -5*d(l) - 6*n(l). Let w be a(-9). Let t = w + -41. Give k(t).
3
Let h(s) be the third derivative of -86*s - 1/4*s**4 + 1/60*s**5 - 2*s**2 - 1/2*s**3 + 0. What is h(6)?
-3
Let k(a) = -a**2 - a + 15. Suppose -28 = 3*p - h, 181*p + 3*h - 21 = 183*p. Give k(p).
-57
Let s = -4233 + 4227. Let i(l) = 19*l + 115. What is i(s)?
1
Let d(m) be the first derivative of m**2/2 + 11*m + 1988. Calculate d(-3).
8
Let d = -337 + 341. Suppose 4*j + 2*w + 0*w = 22, d*w - 2 = -j. Let m(p) = -p**3 + 7*p**2 - 7*p + 9. Give m(j).
3
Let d(m) = -m**2 + 2. Let u(r) = 7*r**3 - 3*r**2 + 3*r + 8. Let t(g) = 4*d(g) - u(g). Determine t(2).
-66
Let x(j) = -4*j - 33. Suppose s - 22*f = -21*f - 12, 5*f = s + 32. Calculate x(s).
-5
Let c(f) = -7*f**3 - 6*f**3 - 5 - 8*f**3 + 20*f**3 - 5*f + 7*f**2. Let i = -770 + 776. Determine c(i).
1
Let y(k) = 0*k + 25*k**3 + 13*k**3 - 44*k**3 - k**2 - 1 - 4*k. Let o(g) = -5*g**3 - 4*g - 1. Let q(n) = -5*o(n) + 4*y(n). Calculate q(3).
4
Let v(p) = -3*p**2 - 2*p - 5. Let m(q) = 7*q**2 + 4*q + 11. Let b(o) = -2*m(o) - 5*v(o). Suppose -423 = -9*d + 144. Let t = d + -67. Determine b(t).
11
Suppose 34*p + 30*p = 384. Let t(o) = 2*o**2 - 8*o. Give t(p).
24
Suppose 0 = -8*w + 73 + 7. Suppose 210*z = 208*z + w. Let t(p) = p**3 - 4*p**2 - 4*p - 4. Determine t(z).
1
Let d(g) = -5*g**3 - 25*g**2 + 5*g + 35. Let p(f) = -2*f**3 - f**2 + 2*f + 2. Let i(u) = d(u) - 3*p(u). Calculate i(22).
7
Let w(z) be the third derivative of -z**6/720 + 11*z**5/120 + 5*z**4/8 - 2*z**3/3 - 51*z**2. Let h(j) be the second derivative of w(j). Calculate h(4).
7
Let j(b) be the third derivative of 1/8*b**4 - 1/120*b**6 + 0*